189 (base 10) to base 13
-a13b
What is -430042 (base 6) in base 4?
-20203022
What is 2291 (base 11) in base 15?
d54
What is -238a (base 12) in base 7?
-14434
bbd8 (base 14) to base 12
169aa
-322211 (base 4) to base 7
-13634
-643 (base 7) to base 10
-325
Convert -101111000000 (base 2) to base 8.
-5700
Convert 314134 (base 5) to base 9.
15415
-2421 (base 12) to base 11
-3059
Convert -120461 (base 7) to base 3.
-1002222012
Convert -4642 (base 9) to base 2.
-110101110000
Convert -442 (base 5) to base 13.
-95
What is 21210100 (base 3) in base 4?
1120233
10010100011100 (base 2) to base 7
36461
-5351 (base 14) to base 16
-382b
1321 (base 11) to base 5
23332
What is 37a4 (base 15) in base 12?
6a3a
Convert 110120222 (base 3) to base 7.
35522
-453 (base 9) to base 15
-19c
Convert 1022102 (base 3) to base 2.
1110111100
What is -43355 (base 7) in base 9?
-15752
What is -121530 (base 7) in base 8?
-53312
What is -749 (base 12) in base 8?
-2051
Convert -49 (base 10) to base 15.
-34
What is 24555 (base 7) in base 10?
6459
Convert 8b (base 16) to base 9.
164
Convert -103210 (base 4) to base 13.
-754
Convert 10011011 (base 2) to base 7.
311
423 (base 6) to base 11
135
Convert -1027 (base 9) to base 13.
-460
Convert 3de (base 15) to base 3.
1012202
What is -227 (base 11) in base 10?
-271
188 (base 13) to base 7
551
Convert 511 (base 15) to base 9.
1507
-8165 (base 12) to base 10
-14045
Convert -74d (base 15) to base 2.
-11001110000
Convert 990 (base 13) to base 16.
666
-16168 (base 9) to base 3
-120012022
What is 56260 (base 10) in base 3?
2212011201
Convert -cc4 (base 15) to base 4.
-231010
Convert -199 (base 14) to base 6.
-1311
-2b5b (base 12) to base 16
-13f7
Convert 2421212 (base 5) to base 10.
45182
Convert 102220111 (base 3) to base 4.
2013220
Convert 13431 (base 5) to base 13.
67b
What is -79e (base 15) in base 7?
-5012
What is -12322 (base 6) in base 14?
-962
Convert 732 (base 9) to base 11.
4a2
Convert 101000 (base 2) to base 7.
55
What is -320312 (base 4) in base 2?
-111000110110
What is 110000011 (base 2) in base 6?
1443
What is 323435 (base 7) in base 3?
2212110122
What is 1121 (base 7) in base 4?
12113
What is 16542 (base 7) in base 8?
11176
35317 (base 9) to base 13
a975
Convert -12ac (base 14) to base 7.
-12405
9aa0 (base 11) to base 8
31763
Convert -18759 (base 11) to base 2.
-110011001011000
What is 321 (base 14) in base 5?
4432
-203443 (base 6) to base 2
-11111111110011
What is -6632 (base 16) in base 11?
-18724
Convert 22615 (base 8) to base 12.
5691
-241113 (base 5) to base 11
-6769
What is -66a (base 12) in base 7?
-2521
2142 (base 10) to base 14
ad0
Convert -12530 (base 6) to base 13.
-b52
What is -12320 (base 5) in base 2?
-1111000000
What is -163223 (base 7) in base 13?
-11960
What is -30220 (base 7) in base 3?
-101000221
What is -17e30 (base 15) in base 4?
-102322011
Convert 101000111110000 (base 2) to base 13.
9717
What is -15265 (base 9) in base 3?
-112022012
What is -799 (base 14) in base 6?
-10551
What is 434 (base 8) in base 15?
13e
What is -322422 (base 5) in base 6?
-122511
101001010111 (base 2) to base 16
a57
1001011101100 (base 2) to base 7
20060
What is 4865 (base 9) in base 8?
7047
Convert -684 (base 9) to base 2.
-1000110010
Convert 47 (base 8) to base 14.
2b
-11452 (base 11) to base 14
-6037
What is 10133311 (base 4) in base 12?
a7b1
Convert 124 (base 13) to base 4.
3013
What is 1b35 (base 15) in base 5?
142100
-1324402 (base 5) to base 15
-7e52
81 (base 13) to base 4
1221
What is 5666 (base 13) in base 5?
341313
-6146 (base 10) to base 14
-2350
Convert 919b (base 16) to base 6.
444323
What is -1013001 (base 4) in base 2?
-1000111000001
What is 106530 (base 7) in base 13?
8928
-2c3 (base 16) to base 8
-1303
-143232 (base 6) to base 16
-3584
Convert -29177 (base 11) to base 5.
-2311331
-2314 (base 11) to base 12
-1914
What is -7460 (base 13) in base 16?
-3f05
-110233 (base 4) to base 14
-6ab
Convert -104ca (base 13) to base 7.
-151503
3877 (base 13) to base 5
224131
88a (base 15) to base 10
1930
Convert 1012 (base 8) to base 5.
4042
218 (base 16) to base 3
201212
68 (base 12) to base 16
50
Convert -1110010 (base 2) to base 3.
-11020
What is 36d (base 15) in base 13?
47b
37244 (base 8) to base 11
11059
What is -270 (base 14) in base 12?
-34a
4534 (base 7) to base 10
1642
-1588 (base 9) to base 8
-2276
3705 (base 11) to base 12
2979
What is -cc3b (base 14) in base 6?
-431325
Convert 63f0 (base 16) to base 2.
110001111110000
What is -21032 (base 10) in base 16?
-5228
-101101011 (base 2) to base 4
-11223
Convert 6a3 (base 12) to base 9.
1316
Convert 1114020 (base 5) to base 11.
13a38
What is 33331 (base 4) in base 16?
3fd
-221 (base 3) to base 14
-1b
What is 6440 (base 11) in base 14?
3162
What is -6166 (base 13) in base 9?
-20377
13643 (base 8) to base 2
1011110100011
-12222 (base 3) to base 14
-b7
What is 1528 (base 9) in base 5?
14120
-1990 (base 13) to base 15
-120a
Convert 4acc (base 13) to base 6.
121142
121122 (base 3) to base 7
1211
Convert 2242 (base 9) to base 4.
121322
-ba52 (base 15) to base 12
-1a9b8
2034120 (base 5) to base 6
415500
What is 123320 (base 4) in base 8?
3370
Convert 2144 (base 12) to base 6.
24524
312661 (base 7) to base 9
81767
1111010111111 (base 2) to base 15
24eb
Convert 16d (base 14) to base 9.
355
-372 (base 11) to base 2
-110111010
81cb (base 16) to base 9
50518
Convert -851 (base 11) to base 13.
-60a
What is -14204 (base 9) in base 6?
-112351
What is 134 (base 6) in base 16?
3a
-1022 (base 6) to base 12
-172
-3135 (base 6) to base 4
-23003
Convert 1001011111011 (base 2) to base 4.
1023323
What is 23142 (base 5) in base 3?
2021221
Convert e2b7 (base 15) to base 5.
3012442
What is -82a (base 13) in base 7?
-4022
Convert 308c (base 13) to base 15.
1ec2
Convert 4041030 (base 5) to base 12.
31844
What is -1011110 (base 3) in base 4?
-31101
-3 (base 4) to base 12
-3
What is -4821 (base 10) in base 2?
-1001011010101
Convert 7537 (base 11) to base 10.
9962
-323001 (base 5) to base 16
-2af9
Convert -125c (base 13) to base 7.
-10421
Convert c21 (base 14) to base 2.
100101001101
What is -302313 (base 4) in base 7?
-12330
What is 7958 (base 10) in base 12?
4732
2223333 (base 4) to base 9
16080
What is 111010110100110 (base 2) in base 6?
351234
What is 4855 (base 16) in base 7?
104662
3b7 (base 15) to base 2
1101001111
17305 (base 8) to base 9
11722
Convert -247d (base 16) to base 9.
-13728
240 (base 12) to base 8
520
Convert 3f39 (base 16) to base 7.
65121
Convert 122 (base 6) to base 7.
101
Convert 14134 (base 6) to base 9.
3034
What is 13466 (base 7) in base 9?
5032
Convert 199 (base 14) to base 3.
110021
Convert -15a79 (base 11) to base 10.
-22592
Convert 3040 (base 8) to base 4.
120200
Convert -1010111101 (base 2) to base 6.
-3125
What is 1994 (base 15) in base 16?
15a3
What is 16c0 (base 15) in base 14?
1b05
-41226 (base 9) to base 8
-65027
-4037 (base 9) to base 15
-d1a
What is 13100 (base 5) in base 2?
10000000001
-176 (base 16) to base 5
-2444
Convert -881 (base 11) to base 15.
-4a7
Convert 11180 (base 9) to base 2.
1110100010011
What is 514152 (base 6) in base 3?
2002101112
Convert 10177 (base 9) to base 16.
1a38
What is 58243 (base 10) in base 12?
29857
What is -60410 (base 7) in base 6?
-151345
21530 (base 7) to base 15
190b
3015 (base 7) to base 3
1102120
What is -161d (base 14) in base 8?
-7553
What is 455 (base 15) in base 12?
698
What is -1100011010001 (base 2) in base 14?
-245b
What is 37 (base 16) in base 12?
47
What is 558 (base 10) in base 7?
1425
74b5 (base 15) to base 5
1242240
Convert 30115 (base 6) to base 14.
1611
-13a (base 14) to base 7
-503
Convert 34405 (base 6) to base 4.
1030211
4265 (base 7) to base 16
5ed
-7b1 (base 16) to base 7
-5512
-aa0a (base 13) to base 4
-11301312
What is 53160 (base 9) in base 12?
183b3
What is -10411 (base 5) in base 12?
-50b
1401 (base 5) to base 7
442
What is -12560 (base 7) in base 3?
-11121222
Convert -41e (base 16) to base 5.
-13204
What is -4042 (base 12) in base 13?
-3227
52a3 (base 13) to base 6
125012
176 (base 16) to base 11
310
What is -1011110110101 (base 2) in base 4?
-1132311
What is 57801 (base 9) in base 16?
969d
-23445 (base 9) to base 2
-11110100111010
Convert -220132 (base 4) to base 5.
-40330
-5739 (base 14) to base 5
-441